mainder when 93 is divided by l.
27
Suppose 13*q - 327 = -41 + 156. Calculate the remainder when 74 is divided by q.
6
Let m(o) = 5*o + 181. Let p be m(-33). Suppose -p*b - 735 = -51*b. What is the remainder when 242 is divided by b?
11
Suppose -4*u + 28 = -8*u. Let z(t) = -t**2 - 54*t - 309. Calculate the remainder when z(u) is divided by 0 + (10*1 - -1).
9
Let t(l) = l**3 - l**2 + 5. Let a be t(0). Suppose -4*w = -306 + 294. Suppose w*u - a = 40. Calculate the remainder when u is divided by 9.
6
Suppose -2*u - v = -2*v - 157, u = 4*v + 89. Let a = -616 - -872. Suppose 5*b - a = -61. Calculate the remainder when u is divided by b.
38
Let v(s) = -5 - 6*s**2 + 21*s - 15 - 4*s**2 - 2 + s**3. Calculate the remainder when v(8) is divided by 9 - (-3 + 2 - -3).
4
Let c be -66 - (8 + 3 + -5). Let a = c - -109. Calculate the remainder when a is divided by 19.
18
Let c(k) = 2*k**2 + 17*k - 81. What is the remainder when c(9) is divided by 28?
10
Let f(g) = -12*g - 52. Let q be f(-7). Suppose -4*x + q = 132. Let a(w) = w**3 + 25*w**2 - w + 26. What is the remainder when a(x) is divided by 13?
12
Suppose -1581*o + 1567*o = -44184. What is the remainder when o is divided by 79?
75
Suppose 2*j + 39 = 3*p - 0*p, -4*p + j + 52 = 0. Let x(i) = -5*i + 13. Let n be x(5). Let m = 19 + n. Calculate the remainder when p is divided by m.
6
Let r(i) = -2*i. Let f be r(-2). Let p be -3 + (-2 - -194)/f. Suppose -5*t = -0*t - p. Calculate the remainder when t is divided by 3.
0
Suppose -j = -2*s - 110, 346 = 44*j - 41*j - 2*s. Calculate the remainder when 3890 is divided by j.
114
Let c(v) = v**2 - 6*v - 1. Calculate the remainder when (118/2)/((-3)/(-6)) is divided by c(-2).
13
Suppose 0 = -33*l + 47*l - 406. What is the remainder when 724 is divided by l?
28
Let w be 318/(-53) - 15/(-1). Suppose 4*j + 4*u = 56, -w*u + 10 = -7*u. Calculate the remainder when 52 is divided by j.
7
Let l(c) = c**2 - 23*c - 4. Let v be l(19). Let t = v - -75. What is the remainder when t + (-724)/(-4) + -5 is divided by 35?
31
Suppose -473 = -h - 2*h + 2*b, -3*h + 476 = -5*b. Suppose 878 = 9*t - h. Calculate the remainder when t is divided by ((-75)/(-6) - -2)*2.
28
Let j(w) = -5*w + 5. Let q be j(1). Let m be 2 + (q/(-5))/5. Suppose 3*z = -m*h + 27, 3*h + 15 = -2*h. Calculate the remainder when z is divided by 5.
1
Let a(r) = r**3 + 17*r**2 - 4*r - 25. Let m be a(-13). Suppose -b - m = -759. Calculate the remainder when b is divided by 5.
1
Let v(o) = 3*o**2 - 2*o + 2. Let z be 7 + -6 + 12/(-3). What is the remainder when 171 is divided by v(z)?
31
Calculate the remainder when 608 is divided by 32/(-3)*3900/(-400).
88
Let c(r) = -8*r + 4. Let k be c(2). Let o be (-2)/k - 17/(-6). Suppose -118 = -o*b + 74. Calculate the remainder when b is divided by 33.
31
Let o(d) = -17*d + 2. Let p be o(-3). Let r = -18 + p. What is the remainder when r is divided by (-3)/6*(-11 - 1)?
5
Suppose 259 - 483 = -14*w. Suppose -12*p + w = -164. What is the remainder when p is divided by 5?
0
Let w(s) = s**3 + s**2 - 4*s. Suppose -694*u = -228*u - 60776 - 15648. Calculate the remainder when u is divided by w(3).
20
Suppose -31*m + 54677 = 77*m - 28051. Calculate the remainder when m is divided by 25.
16
Let f(q) = -358*q + 720. Calculate the remainder when 5718 is divided by f(2).
2
Suppose -54*w = -2609 - 6949. Calculate the remainder when w is divided by 24.
9
Suppose -48*t = -3080 - 136. Let d = 1078 - 949. Calculate the remainder when d is divided by t.
62
Let q be (-7)/(7/(-18))*2/6. What is the remainder when q + -4 + 0 - -73*1 is divided by 39?
36
Let q(c) = 9*c + 0 + c**2 - 10 + 0 + 0. What is the remainder when q(8) is divided by 43?
40
Suppose -4*t = 2*n - 726, -2*t + n = -4*n - 369. Let b = t - 149. What is the remainder when 130 is divided by b?
31
Let k(h) be the third derivative of -h**5/60 - 29*h**4/24 - 67*h**3/6 + 102*h**2. What is the remainder when 219 is divided by k(-26)?
10
Let r be 7/14*-1 + (-23)/(-2). Suppose 0 = -m - 2*w - 3, -4*m - 2*w + r - 5 = 0. Calculate the remainder when 33 is divided by m.
0
Let g(h) = -10*h + 20*h - 16 + 155 + 95. What is the remainder when 237 is divided by g(-20)?
33
Let v = -185 + 228. Let m(l) be the second derivative of -l**3/3 + 2*l**2 - 9*l. Calculate the remainder when v is divided by m(-6).
11
Suppose 5*d + 27046 = s + 26752, 5*d - 274 = -s. Suppose 0 = -0*w + 5*w - 90. What is the remainder when s is divided by w?
14
Let x(f) = 8*f**2 + 113*f - 51. Calculate the remainder when 366 is divided by x(-17).
26
Calculate the remainder when (-60321974)/(-21575) - 4/(-50) is divided by 87.
12
Let s be (-6)/(-27) - (-698)/18. Suppose -28*t + s*t = 33. Let u(c) = c**3 + 3*c**2 + 3*c + 3. Calculate the remainder when t is divided by u(-2).
0
Suppose -285 = -4*p - p. Let t = p - 52. Let k(w) = -w**3 + 12*w**2 - 8*w - 16. Calculate the remainder when k(11) is divided by t.
2
Let g(d) = -d**3 + 8*d**2 - 4*d - 3. Let l be (-45 - -40) + 3880 + 1. What is the remainder when (1/1)/(76/l) is divided by g(7)?
15
Let i be (-3 + -6)/(7 - 6). Calculate the remainder when 153 is divided by (i/((-81)/(-120)))/(2/(-3)).
13
Let n = -12060 - -12100. Let h(u) = 6*u + 1. Calculate the remainder when n is divided by h(1).
5
Let g = -69 - -197. Calculate the remainder when g is divided by ((-5)/(-10))/(12/840).
23
Let k = -47 - -57. Let c be (k/(-8))/5 + (-18)/(-8). Suppose -5*g - 5*q = -300, 3*q - 124 = -c*g - 0*q. Calculate the remainder when g is divided by 19.
18
Let g(v) = v - 9. Let f be g(17). Let s be (1 - (f - 4))*2/6. Calculate the remainder when 424/20 + s/5 is divided by 11.
10
Let m = -33 - -19. Let u(i) = i**3 + 14*i**2 - i - 18. Let k be u(m). Calculate the remainder when 35/(k*(-4)/16) is divided by 18.
17
Let t(v) = 22*v**3 + 3*v**2 + 26*v - 4. Calculate the remainder when t(4) is divided by 130.
126
Let b(n) = -n**2 - n + 19. What is the remainder when (-72)/(-10)*(-1)/(12/(-30)) is divided by b(-4)?
4
Calculate the remainder when (-1039)/(-7) - 440/(-770) is divided by 20.
9
Let u = 2891 + -2730. Suppose 0 = -p - 4*j + 34, 2*p - 3*p = -2*j - 46. What is the remainder when u is divided by p?
35
What is the remainder when (-7805)/(-14)*2 + 16 + -29 is divided by 98?
24
Suppose 5*o = 5*l + 530 + 245, -2*o + 304 = -4*l. Calculate the remainder when 464 is divided by o.
148
Let a be -3 + ((-14)/6)/(22/(-3498)). Suppose 3*h - a = 619. What is the remainder when h is divided by 11?
10
Suppose 242*m - 142*m - 1600 = 0. What is the remainder when 82 is divided by m?
2
Let s(q) = -7*q + 502. Calculate the remainder when s(38) is divided by 54.
20
Let m = -10465 + 10498. Calculate the remainder when 1079 is divided by m.
23
Let a(p) = -p**2 - 8*p - 4. Let o be a(-4). Suppose 0 = -4*d + 6*d + o. Let c(r) = 2*r**2 - 12*r - 49. What is the remainder when c(d) is divided by 32?
31
Let d(w) = -7*w**2 - w + 6. Let r be d(5). Let m = -112 - r. Suppose t + 6 = 0, 2*t + 390 = x + 367. What is the remainder when m is divided by x?
7
Let n = 308 - 291. What is the remainder when (2 - -1)/((-4)/(-40)) is divided by n?
13
Let t(j) = -j**2 - 5*j + 6. Let b be t(-6). Suppose -4*h - h + 40 = b. What is the remainder when (-206)/1133 + (-299)/(-11) is divided by h?
3
Let w = -25501 + 26511. Calculate the remainder when w is divided by 68.
58
Suppose -3*j + 9 = -0*j. Suppose -j*t + 43 = -137. Suppose -1582*w + 11377 = -1215*w. Calculate the remainder when t is divided by w.
29
Suppose -306*c = -11623 - 6737. Let r(z) = -z**3 - 2*z**2 + 4*z + 1. Calculate the remainder when c is divided by r(-4).
9
Let w = -52003 + 52065. What is the remainder when w is divided by ((-1)/1 - 0)*-20?
2
Suppose -4*q + 433 - 377 = -5*y, 4*y = -3*q + 42. Calculate the remainder when 599 is divided by q.
11
Let v = -9026 - -9090. What is the remainder when 233 is divided by v?
41
Suppose 6*o - 10 = 26. Suppose c + 5*n = 30, -2*c = 2*n - o*n - 130. What is the remainder when c is divided by 29?
26
Suppose 153*v - 156*v = -3*w - 27, -13*w + v + 99 = 0. Let h = 30 + -18. What is the remainder when h is divided by w?
3
Suppose 3*u - 10*c - 34 = -9*c, 0 = 2*u - 2*c - 16. What is the remainder when 427 is divided by u?
11
Suppose 3*o - 331 = -16. Let d(b) = b**3 + 88*b**2 + 76*b - 941. What is the remainder when 